*y**2 + 0*y + 1/60*y**5 - 2/3*y**3 + 1/12*y**4 + 0. Determine i(f).
4
Let i(r) = r + 10. Let q be i(-10). Let s(y) be the first derivative of -y**3/3 - y**2/2 + 7*y - 7. What is s(q)?
7
Suppose -7 - 3 = 4*d - 5*s, 3*d - 8 = -4*s. Let y(i) = -4*i**3 + 5*i**3 - 6 + 9 + 8. Calculate y(d).
11
Let k(i) be the first derivative of 1/2*i**2 + 4 - 6*i. Determine k(4).
-2
Let d(l) = -l**3 + 7*l**2 - 7*l + 9. Suppose 0 = 9*h - 3*h - 36. Calculate d(h).
3
Let t(u) = 2*u**2 + 2*u - 3. Let g = -13 - -10. Determine t(g).
9
Suppose 0 = -0*d - d + 4*o + 16, -4*d - o = 21. Let s(n) = -5*n**2 + 4*n + 5. Let r(u) = -11*u**2 + 8*u + 10. Let q(m) = d*r(m) + 9*s(m). Calculate q(4).
5
Let d(k) = -3*k + 7 - 8 + 1. Let z = -7 + 5. Give d(z).
6
Let o(y) be the second derivative of y**3/6 + 5*y**2/2 - 19*y + 2. Calculate o(-12).
-7
Let g(t) = -5*t**2 + 5*t + 3. Let h(z) = -z**2 + z - 1. Let b(l) = -g(l) + 4*h(l). Calculate b(0).
-7
Let u(r) be the second derivative of -r**5/20 - 5*r**4/12 - r**3/2 + 2*r**2 - 15*r. Calculate u(-4).
0
Let j(p) = 2*p - 7. Suppose -3*d + 8 = 8*v - 3*v, 3*d = 4*v + 26. Let l be j(d). Let k(h) = -h - 15. Let w(q) = -3. Let o(n) = 2*k(n) - 11*w(n). Determine o(l).
-7
Suppose 3*w + 16 = 4*j - 2*w, -j = -2*w - 7. Let m(a) = -3*a - 3*a + 10*a**3 + 1 - a**2 + 7*a. Determine m(j).
-11
Let m(s) = 3 - 2*s - 9 + 7. What is m(2)?
-3
Let n(v) = 9*v**3 + v + 1. Suppose -3*p = 2*a - 33, -2*p + 2*a - 13 = -35. Suppose 4*l = 6*l - 3*m + 11, -4*m + p = l. Calculate n(l).
-9
Let z(w) = 2*w**3 - w + 1. Let c be z(1). Let j(u) = 6*u**3 + c*u**3 + u + 0*u - u**2 + 4*u**3. Determine j(1).
12
Suppose -2*u = 3*u - 10. Let t(x) be the first derivative of -x**5/30 + x**4/24 + x**3/3 + x**2/2 + 1. Let p(c) be the second derivative of t(c). What is p(u)?
-4
Let l = 6 - 0. Let g(t) = -2*t + 6. What is g(l)?
-6
Let r(y) = -y**3 - 9*y**2 - 8*y. Let i be r(-8). Suppose -8 = -4*m - i*m. Let u(z) = -z**3 + 3*z**2 - 3*z + 3. Calculate u(m).
1
Let n(m) be the third derivative of m**5/60 - 5*m**4/24 + m**2. Suppose -2*x + 2*c + 2 = -0*x, 23 = 5*x + c. Determine n(x).
-4
Let t(x) = -4*x + 5*x + 10 + 1 + 0*x. Let y be t(-10). Let j(u) = 6*u**3 + u. Calculate j(y).
7
Let p = 0 + 5. Suppose 0 = -p*o + 10 + 5. Let d(u) = -u - 1. Let f(j) = -j - 1. Let y(q) = -2*d(q) + f(q). Give y(o).
4
Suppose -2*s = -l - 4*s - 1, s = -1. Let y(i) = 12*i**2 + 4*i - 5*i**2 - 1 + i - 4*i - 8*i**2. Give y(l).
-1
Let x(p) = 6*p**3. Let j = -11 - -12. What is x(j)?
6
Let o be 4 + 0 - (30/5 + -5). Let d(u) be the third derivative of o*u**2 + 0 + 0*u + 0*u**3 + 1/24*u**4. Calculate d(6).
6
Let c(i) = i**2 - i + 6. Let y = -8 + 5. Let t = -1 - y. Let g be 1*(-2 + t + 0). Give c(g).
6
Let r(z) = -12*z**2 - z - 4. Let l(m) be the third derivative of -23*m**5/60 - m**4/12 - 7*m**3/6 - 3*m**2. Let a(s) = -4*l(s) + 7*r(s). Determine a(-1).
7
Suppose 38 = 5*o + 2*l, 3*o = -3*l + l + 26. Suppose z = 3 - 0. Let w(h) = 6*h - 4*h + o*h**2 - 1 + 2*h + h**z. Give w(-5).
4
Let n(w) = 2*w + 2. Let f(b) = -b - 4. Let k be f(-9). Suppose k*v + 18 - 2 = -i, -v = -5*i - 2. Give n(v).
-4
Let c(o) be the third derivative of o**6/120 - 2*o**5/15 + o**4/3 + 5*o**3/6 + 33*o**2. Give c(6).
-19
Let i(d) = -d**3 - 3*d**2 - d - 1. Let b be i(-3). Let s(p) = 7 + 0*p**2 + p**b - 6 - 6*p + 0*p**2. What is s(6)?
1
Let x = -67 - -62. Let c(f) = f**2 + 8*f + 7. Determine c(x).
-8
Let x(y) = -y + 1. Let n(f) = 3*f**2 - 2*f + 2. Let k(u) = -3*n(u) + 6*x(u). What is k(-1)?
-9
Let f(s) = -s**2 - 3*s + 5. Let u be f(-4). Let c = -1 - u. Let y(j) = -2*j - 2. Give y(c).
2
Let b = -11 + 7. Let n(r) be the second derivative of r**3/6 - r. Let p(d) = 5*d + 6. Let f(l) = -2*n(l) + p(l). Determine f(b).
-6
Let y(j) = j + 11. Let i be y(-6). Let z(n) = n**3 - 3*n**2 - 7*n + 3. Determine z(i).
18
Let c(a) be the second derivative of 3*a**2 + 3*a + 0 + 0*a**3 - 1/12*a**4. Suppose 2*m = m. Determine c(m).
6
Let v(i) = -i + 2 - 3 + 1. Give v(-3).
3
Let c(u) = -4 + 4 - 3*u**2 - u - 1 + 2*u**2. What is c(-4)?
-13
Let c(q) = q - 1. Let w be 4/(12/(-15)) + (2 - 1). What is c(w)?
-5
Let o(t) = -t**2 - 3*t + 2. Let n be 2 + (6 - 12) + 0. Calculate o(n).
-2
Let x(f) = -f - 13. Let g be x(-14). Let z(i) = 2*i + 1. Give z(g).
3
Suppose -8*d + 6 = -4*d - 5*y, 0 = -3*d - 5*y + 22. Let p(j) = -j**3 + 4*j**2 + j - 4. Determine p(d).
0
Let l(g) = 5*g + 2. Let a(t) = -6*t - 2. Let n(h) = 6*a(h) + 7*l(h). Determine n(0).
2
Let b(p) = -4 - 2*p**2 - p + 4 - 3*p**2. Let h(u) = u + 3. Let t be h(-3). Let j be t + 0/(-3) + -1. Determine b(j).
-4
Let u(c) = c**2 - c. Let b(k) = k**2 - k. Let w(z) = 3*b(z) - 4*u(z). Calculate w(0).
0
Suppose -4*l = 1 + 7. Let r(y) be the first derivative of -y**4/2 - y**3 - 2*y**2 - 3*y - 77. What is r(l)?
9
Suppose 2*k - 3*q = 7 + 3, -2*k - 3*q = 2. Let f(w) = 4 - 3*w + 6*w - k*w. Suppose 4 + 3 = -2*n + s, 2*n + 22 = -4*s. Calculate f(n).
-1
Let n be (6/(-7))/((-2)/14). Let i = n - 4. Let j(f) = 0*f - i*f + f + 2. Calculate j(6).
-4
Let c(q) be the first derivative of -7/2*q**2 - 4 + 1/3*q**3 + 4*q. Determine c(6).
-2
Let q(b) be the first derivative of -b**3/3 + 3*b**2 + 2*b - 1. Suppose 4 = 4*o - 8. Determine q(o).
11
Suppose -5*x + 4 = 5*o + 14, 5*o = 5*x - 20. Let z(p) = -5*p + x + 2*p - 2. Determine z(3).
-10
Suppose 32 = 3*q - 4*u, 0 = -q - u - 0 - 1. Suppose 0 = -q*k - 5 - 11. Let v(y) = y - 2. Determine v(k).
-6
Let j(l) = l**2 - 9*l + 7. Let s be j(8). Suppose -17 = -4*n + 27. Let g(y) = 6*y + 4. Let p(h) = 18*h + 11. Let u(v) = n*g(v) - 4*p(v). Calculate u(s).
6
Let s be (0 + (1 - -3))/(-2). Let m = s + 7. Let n(x) = 1 + 2*x + 4*x - 8 - m*x. Determine n(3).
-4
Let x = -7 + 9. Let j(s) = 5*s + 0*s**x + 3 - 4*s - s**2 + s. Give j(-2).
-5
Let s(b) = 4*b - 17. Let o be s(6). Let u(z) = z**2 - 8*z + 7. Determine u(o).
0
Let x(f) = f**3 + 4*f**2 + 2*f - 2. Let j be x(-3). Let k(p) = -2*p**2 - p. What is k(j)?
-3
Let u(q) = -9*q**2 - q - 1. Let r(l) = l**3 + 2*l**2 + l - 2. Let c be r(-2). Let x be (-6 - -8)*2/c. Determine u(x).
-9
Let w(n) = 7*n**2 + 3. Let p(d) = 6*d**2 + d + 2. Let f(u) = -6*p(u) + 5*w(u). Give f(-7).
-4
Let p = 21 - 21. Let l(f) be the first derivative of p*f + 3 - 1/2*f**2. Calculate l(-5).
5
Suppose 25 = 17*w - 12*w. Let p(u) = 2*u - 7. Give p(w).
3
Let a(h) = h**2 - h - 1. Let j(s) = -3 - s + 6*s**2 - 1 - 4*s**2 + 3*s**2. Let u be (-1)/4 + (-138)/24. Let i(k) = u*a(k) + j(k). Calculate i(5).
2
Let b(f) = 2*f - 1. Let c(a) = a - 2. Let w(u) = -2*b(u) + 2*c(u). Calculate w(9).
-20
Let j(r) be the second derivative of -11*r**5/20 + r**4/6 + r**3/6 - 5*r. Calculate j(-1).
12
Let q(z) be the third derivative of 0*z + 0 - 5/24*z**4 - 3*z**2 - 1/60*z**5 + 1/3*z**3. Give q(-6).
-4
Let v(u) = u**3 - u. Let j(d) = -2*d**3 + 5*d**2 + 2*d + 1. Let b(l) = j(l) + 3*v(l). What is b(-5)?
6
Let n = -6 + 6. Suppose n*j = -3*j - 9. Let a(w) = 2*w + 3. Give a(j).
-3
Let z(u) = -6*u - 9. Let j(q) = -4*q - 6. Let y(h) = 8*j(h) - 5*z(h). Give y(-4).
5
Let i = -21 + 23. Let a(u) = u**3 - 3*u**2 + 2*u - 1. Determine a(i).
-1
Suppose -7 = -5*l - 2*o, -3*l + 6*l - 21 = 3*o. Let g(r) = -5*r + 5 + 4*r + l. What is g(5)?
3
Let m(l) = -l. Suppose 4*q = -3*a - 26, 4*q = 3*q - 2. Calculate m(a).
6
Suppose -2*z - 6 = -4*i, -2*i + 3 = 3*z - 20. Let b be (-5)/2*12/(-5). Let o(u) = 7*u + 10. Let s(k) = -3*k - 5. Let r(n) = b*o(n) + 13*s(n). Determine r(z).
10
Let s(o) = 5*o - 2. Let m = 0 + 1. Let d(l) = -l - 1. Let t(p) = m*s(p) - 3*d(p). Let x = 5 + -6. What is t(x)?
-7
Let k(h) = h**3 - 6*h**2 + 5*h + 2. Suppose 0 = -5*f - 9 + 29. Give k(f).
-10
Suppose 52 = 9*k + 142. Let b(h) = 2*h + 15. What is b(k)?
-5
Let w(b) be the first derivative of b**6/120 + b**5/15 - b**4/6 - b**3/2 + b**2/2 - 1. Let j(a) be the second derivative of w(a). Give j(-5).
-8
Let z(m) = -3*m - 38. Let p be z(-13). Let l(g) = 11*g - 3. Let q(u) = 17*u - 5. Let d(b) = -8*l(b) + 5*q(b). Give d(p).
-4
Let s(l) = l. Let v(x) = -x**2 - 7*x - 5. Let o be v(-5). Calculate s(o).
5
Let v(m) = -2*m**2 + 5*m + 4. Let x(z) = -z**3 + 2*z**2 - 6*z - 5. Let f(j) = 4*v(j) + 3*x(j). Suppose 0 = 5*s - 6 - 59. Let b = -15 + s. What is f(b)?
13
Let k(h) = h**3 - 2*h**2 - 3*h - 4. Suppose -4*u + 3 = -9. Let r be k(u). Let w(o) be the second derivative of o**3/6 + 3*o**2/2 - o. Give w(r).
-1
Let 